{"id":10,"date":"2020-03-05T13:15:20","date_gmt":"2020-03-05T12:15:20","guid":{"rendered":"http:\/\/lesamisdelahume.fr\/?page_id=10"},"modified":"2026-04-21T11:56:32","modified_gmt":"2026-04-21T09:56:32","slug":"a-propos-de","status":"publish","type":"page","link":"https:\/\/lesamisdelahume.fr\/index.php\/a-propos-de\/","title":{"rendered":"Les manifestations"},"content":{"rendered":"\n<p><\/p>\n\n\n\n<p><strong>2026<\/strong><\/p>\n\n\n\n<p><\/p>\n\n\n\n<figure class=\"wp-block-gallery has-nested-images columns-default is-cropped wp-block-gallery-1 is-layout-flex wp-block-gallery-is-layout-flex\"><\/figure>\n\n\n\n<ul class=\"wp-block-list\">\n<li><strong>Vendredi 10 avril <\/strong>Une journ\u00e9e \u00e0 Biarritz. Trajet bus.<\/li>\n\n\n\n<li>Visite de la Cit\u00e9e de l\u2019oc\u00e9an<\/li>\n\n\n\n<li>\u00c0 deux pas de l\u2019oc\u00e9an, venez vivre une exp\u00e9rience immersive. Ce lieu vous<\/li>\n\n\n\n<li>invite \u00e0 explorer les liens entre l\u2019oc\u00e9an, le climat et l\u2019humanit\u00e9 \u00e0 travers des<\/li>\n\n\n\n<li>animations innovantes.<\/li>\n\n\n\n<li>Apr\u00e8s la pause d\u00e9jeuner visite de l\u2019Aquarium de Biarritz<\/li>\n\n\n\n<li>Rencontre avec les tortues marines, les requins myst\u00e9rieux, les phoques<\/li>\n\n\n\n<li>joueurs, les m\u00e9duses hypnotisantes et les poissons tropicaux. Vivez une<\/li>\n\n\n\n<li>exp\u00e9rience unique entre d\u00e9couverte scientifique, \u00e9merveillement et<\/li>\n\n\n\n<li>sensibilisation \u00e0 la biodiversit\u00e9 marine.<\/li>\n<\/ul>\n\n\n\n<ul class=\"wp-block-list\">\n<li><strong>Dimanche 7 juin<\/strong><\/li>\n\n\n\n<li>Tour du Bassin \u00e0 v\u00e9lo.<\/li>\n\n\n\n<li>Pique-nique au Truc vert et retour par bateau jusqu\u2019\u00e0 Arcachon.<\/li>\n<\/ul>\n\n\n\n<p><\/p>\n\n\n\n<ul class=\"wp-block-list\">\n<li><strong>Dimanche 28 juin<\/strong> Sardinade des Barbots au Port de Larros<br>(d\u00e9jeuner)<\/li>\n\n\n\n<li> f\u00eatant le retour des sardiniers au si\u00e8cle pr\u00e9c\u00e9dent. Cette manifestation a lieu un dimanche, autour d&rsquo;un d\u00e9jeuner.<strong> R\u00e9servations ouvertes la semaine pr\u00e9c\u00e9dente.<\/strong><\/li>\n<\/ul>\n\n\n\n<ul class=\"wp-block-list\">\n<li>M<strong>ardi 14 juillet<\/strong> <strong>La course p\u00e9destre<\/strong><\/li>\n<\/ul>\n\n\n\n<div class=\"wp-block-group is-nowrap is-layout-flex wp-container-core-group-is-layout-d653275e wp-block-group-is-layout-flex\">\n<ul class=\"wp-block-list\">\n<li>Organis\u00e9e traditionnellement chaque ann\u00e9e le <strong>14 juillet<\/strong>, le matin \u00e0 10 h (inscriptions sur place \u00e0 partir de 9 h). Elle se d\u00e9roule au <strong>Parc de la Ch\u00eaneraie<\/strong>, sur un parcours de <strong>11 kms<\/strong>. Tous les participants sont r\u00e9compens\u00e9s. Le co\u00fbt d\u2019inscription est relativement bas, permettant de vous offrir une prestation \u00e0 la hauteur des efforts fournis par chaque participant. Ambiance populaire, o\u00f9 la performance individuelle s\u2019allie au plaisir de courir.&nbsp;<\/li>\n\n\n\n<li><\/li>\n\n\n\n<li><\/li>\n<\/ul>\n<\/div>\n\n\n\n<ul class=\"wp-block-list\">\n<li><strong>Samedi 18 juillet Sardinade de la Hume au Port de la Hume<\/strong><\/li>\n<\/ul>\n\n\n\n<p>Voil\u00e0 une manifestation estivale tr\u00e8s attendue par tous les habitants du Bassin et des touristes venus de la France enti\u00e8re. En <strong>juillet, ao\u00fbt et septembre<\/strong>, \u00e0 partir de 20 heures, au <strong>Port de la Hume<\/strong>, plus de 400 personnes viennent go\u00fbter \u00e0 une soir\u00e9e tr\u00e8s anim\u00e9e, commen\u00e7ant par un repas o\u00f9 les sardines grill\u00e9es sont \u00e0 l\u2019honneur, puis danser sur la piste au son d\u2019une musique concoct\u00e9e par notre DJ Lo\u00efc. Passant du madison, au rock-n\u2019-roll, aux danses de salon, pour s\u2019enflammer ensuite sur du disco, sans oublier les musiques d\u2019aujourd\u2019hui, jusqu\u2019\u00e0 tr\u00e8s tard dans la nuit&nbsp;!<\/p>\n\n\n\n<p>Pour avoir la chance de participer au repas des&nbsp;&nbsp;Sardinades, les <strong>r\u00e9servations sont obligatoires<\/strong>, d\u00e8s la semaine qui pr\u00e9c\u00e8de. Sur place, nous accueillons avec plaisir ceux et celles qui veulent uniquement s\u2019adonner \u00e0 la fr\u00e9n\u00e9sie de la danse.&nbsp;<\/p>\n\n\n\n<ul class=\"wp-block-list\">\n<li><strong>6-7-8-9 aout Gujan Mestras en f\u00eate<\/strong><\/li>\n<\/ul>\n\n\n\n<ul class=\"wp-block-list\">\n<li><strong>Samedi 22 aout Sardinade de la Hume au Port de la Hume<\/strong><\/li>\n<\/ul>\n\n\n\n<p>Rappel ; Pour avoir la chance de participer au repas des&nbsp;&nbsp;Sardinades, les <strong>r\u00e9servations sont obligatoires<\/strong>, d\u00e8s la semaine qui pr\u00e9c\u00e8de. Sur place, nous accueillons avec plaisir ceux et celles qui veulent uniquement s\u2019adonner \u00e0 la fr\u00e9n\u00e9sie de la danse.&nbsp;<\/p>\n\n\n\n<ul class=\"wp-block-list\">\n<li><strong>Samedi 12 septembre Sardinade de la Hume au Port de la Hume<\/strong><\/li>\n<\/ul>\n\n\n\n<p>Rappel  :  Pour avoir la chance de participer au repas des&nbsp;&nbsp;Sardinades, les <strong>r\u00e9servations sont obligatoires<\/strong>, d\u00e8s la semaine qui pr\u00e9c\u00e8de. Sur place, nous accueillons avec plaisir ceux et celles qui veulent uniquement s\u2019adonner \u00e0 la fr\u00e9n\u00e9sie de la danse.&nbsp;<\/p>\n\n\n\n<div class=\"wp-block-group is-nowrap is-layout-flex wp-container-core-group-is-layout-ad2f72ca wp-block-group-is-layout-flex\">\n<ul class=\"wp-block-list\">\n<li><strong>Dimanche 25 octobre Journ\u00e9e champignons<\/strong><\/li>\n<\/ul>\n\n\n\n<h2 class=\"wp-block-heading\"><\/h2>\n<\/div>\n\n\n\n<p>Traditionnellement, le dernier dimanche d\u2019octobre, au <strong>Parc de la Ch\u00eaneraie<\/strong>, \u00e0 partir de 10 h, nous proposons une promenade dans la for\u00eat, pour d\u00e9couvrir et cueillir des champignons, en pr\u00e9sence d\u2019experts en mycologie, issus de la soci\u00e9t\u00e9 linn\u00e9enne de Bordeaux.<\/p>\n\n\n\n<p>Puis \u00e0 12 h, un ap\u00e9ritif est offert \u00e0 tous les participants, sur place, o\u00f9 durant l\u2019apr\u00e8s-midi, tout \u00e0 chacun, pourra d\u00e9couvrir une exposition sur le monde des champignons.<\/p>\n\n\n\n<p>Cette manifestation est gratuite, ouverte \u00e0 toutes et \u00e0 tous, sans inscription pr\u00e9alable.<\/p>\n\n\n\n<p><\/p>\n\n\n\n<p><\/p>\n\n\n\n<p><\/p>\n\n\n\n<p><\/p>\n\n\n\n<p><\/p>\n\n\n\n<p><\/p>\n\n\n\n<p><\/p>\n\n\n\n<h2 class=\"wp-block-heading\"><strong>2025<\/strong><\/h2>\n\n\n\n<p class=\"has-medium-font-size\"><strong><strong><strong>Sardinade des Barbots<\/strong><\/strong> <\/strong>(Port Larros)<\/p>\n\n\n\n<p>Nouveau rendez-vous fin juin (la premi\u00e8re le 29 juin 2025) au <strong>Port  Larros<\/strong> f\u00eatant le retour des sardiniers au si\u00e8cle pr\u00e9c\u00e9dent. Cette manifestation a lieu un dimanche, autour d&rsquo;un d\u00e9jeuner. R\u00e9servations ouvertes la semaine pr\u00e9c\u00e9dente.<\/p>\n\n\n\n<p class=\"has-medium-font-size\"><strong>Sardinades<\/strong> (Port la Hume)<\/p>\n\n\n\n<p>Pour nous, les b\u00e9n\u00e9voles, voici comment se d\u00e9roule ces journ\u00e9es&nbsp;:<\/p>\n\n\n\n<ul class=\"wp-block-list\">\n<li>8h&nbsp;: Tout le monde est sur le port, il faut charger les tables, les bancs, amener les barbecues. Puis installer tout le mat\u00e9riel sous les tentes mont\u00e9es par la Mairie, sur le Port de la Hume.<\/li>\n<\/ul>\n\n\n\n<ul class=\"wp-block-list\">\n<li>10h&nbsp;: Tous les b\u00e9n\u00e9voles partagent un casse-cro\u00fbte, moment de d\u00e9tente et \u00e9changent sur la soir\u00e9e qui se pr\u00e9pare.<\/li>\n<\/ul>\n\n\n\n<ul class=\"wp-block-list\">\n<li>12 h&nbsp;: Le montage est fini, tout le monde repart \u00e0 la maison pour reprendre des forces.<\/li>\n<\/ul>\n\n\n\n<ul class=\"wp-block-list\">\n<li>15 h&nbsp;: Les cr\u00eapi\u00e8res se mettent en place pour pr\u00e9parer plus de mille cr\u00eapes de la soir\u00e9e. Les couverts sont mis sur les tables, chaque place est num\u00e9rot\u00e9e. Les premiers essais de la sono se font entendre.<\/li>\n<\/ul>\n\n\n\n<ul class=\"wp-block-list\">\n<li>17 h&nbsp;: Les boissons sont au frais, les melons sont pr\u00e9par\u00e9s, et les \u00e9caillers ouvrent les hu\u00eetres. Les barbecues sont allum\u00e9s pour cuire les saucisses et les cent kilos de sardines.<\/li>\n<\/ul>\n\n\n\n<ul class=\"wp-block-list\">\n<li>19h&nbsp;: Les premiers clients arrivent, ainsi que les jeunes serveurs.<\/li>\n<\/ul>\n\n\n\n<ul class=\"wp-block-list\">\n<li>20 h&nbsp;: Le service commence par un ap\u00e9ritif de \u00ab&nbsp;Bienvenue&nbsp;\u00bb, la musique nous appelle pour la premi\u00e8re danse, la soir\u00e9e commence, le repas est servi. Bonne humeur et joie de vivre sont au menu&nbsp;!!<\/li>\n<\/ul>\n\n\n\n<ul class=\"wp-block-list\">\n<li>1 h&nbsp;: Fin de la soir\u00e9e. Certains voudraient continuer, mais il faut bien que cela s\u2019arr\u00eate&nbsp;!<\/li>\n<\/ul>\n\n\n\n<p>Les b\u00e9n\u00e9voles commencent \u00e0 d\u00e9monter les installations, fatigu\u00e9s mais heureux d\u2019organiser ces grandes soir\u00e9es de sardinades des Amis de la Hume.<\/p>\n\n\n\n<p><\/p>\n\n\n\n<p><strong>Course p\u00e9destre<\/strong><\/p>\n\n\n\n<p>Organis\u00e9e traditionnellement chaque ann\u00e9e le <strong>14 juillet<\/strong>, le matin \u00e0 10 h (inscriptions sur place \u00e0 partir de 9 h). Elle se d\u00e9roule au <strong>Parc de la Ch\u00eaneraie<\/strong>, sur un parcours de <strong>11 kms<\/strong>. Tous les participants sont r\u00e9compens\u00e9s. Le co\u00fbt d\u2019inscription est relativement bas, permettant de vous offrir une prestation \u00e0 la hauteur des efforts fournis par chaque participant. Ambiance populaire, o\u00f9 la performance individuelle s\u2019allie au plaisir de courir.&nbsp;<\/p>\n\n\n\n<p><strong>Journ\u00e9e Champignons<\/strong><\/p>\n\n\n\n<p>Traditionnellement, le dernier dimanche d\u2019octobre, au <strong>Parc de la Ch\u00eaneraie<\/strong>, \u00e0 partir de 10 h, nous proposons une promenade dans la for\u00eat, pour d\u00e9couvrir et cueillir des champignons, en pr\u00e9sence d\u2019experts en mycologie, issus de la soci\u00e9t\u00e9 linn\u00e9enne de Bordeaux.<\/p>\n\n\n\n<p>Puis \u00e0 12 h, un ap\u00e9ritif est offert \u00e0 tous les participants, sur place, o\u00f9 durant l\u2019apr\u00e8s-midi, tout \u00e0 chacun, pourra d\u00e9couvrir une exposition sur le monde des champignons.<\/p>\n\n\n\n<p>Cette manifestation est gratuite, ouverte \u00e0 toutes et \u00e0 tous, sans inscription pr\u00e9alable.<\/p>\n\n\n\n<p><strong>Trico-Th\u00e9 solidaire<\/strong><\/p>\n\n\n\n<p>Nouvelle activit\u00e9 des Amis de La Hume, qui se d\u00e9roule tout au long de l&rsquo;ann\u00e9e.<\/p>\n\n\n\n<p>Les tricoteuses se retrouvent au Clos fleuri, les mardi et jeudi de 14h \u00e0 16h.<\/p>\n\n\n\n<p>Cet atelier se veut solidaire. Les produits \u00e9labor\u00e9s par les tricoteuses sont vendus au cours des diff\u00e9rentes sardines et le No\u00ebl de la Hume : les b\u00e9n\u00e9fices de ces ventes sont enti\u00e8rement vers\u00e9s au profit du T\u00e9l\u00e9thon.<\/p>\n\n\n\n<h1 class=\"wp-block-heading\"><strong>Tricot Th\u00e9 Solidaire<\/strong><\/h1>\n\n\n\n<figure class=\"wp-block-image\"><img loading=\"lazy\" decoding=\"async\" width=\"724\" height=\"1024\" src=\"https:\/\/lesamisdelahume.fr\/wp-content\/uploads\/2025\/05\/TricoThe-Solidaire-V3-2-724x1024.jpg\" alt=\"\" class=\"wp-image-1110\" srcset=\"https:\/\/lesamisdelahume.fr\/wp-content\/uploads\/2025\/05\/TricoThe-Solidaire-V3-2-724x1024.jpg 724w, https:\/\/lesamisdelahume.fr\/wp-content\/uploads\/2025\/05\/TricoThe-Solidaire-V3-2-212x300.jpg 212w, https:\/\/lesamisdelahume.fr\/wp-content\/uploads\/2025\/05\/TricoThe-Solidaire-V3-2-768x1086.jpg 768w, https:\/\/lesamisdelahume.fr\/wp-content\/uploads\/2025\/05\/TricoThe-Solidaire-V3-2-1086x1536.jpg 1086w, https:\/\/lesamisdelahume.fr\/wp-content\/uploads\/2025\/05\/TricoThe-Solidaire-V3-2-1448x2048.jpg 1448w, https:\/\/lesamisdelahume.fr\/wp-content\/uploads\/2025\/05\/TricoThe-Solidaire-V3-2-scaled.jpg 1810w\" sizes=\"auto, (max-width: 724px) 100vw, 724px\" \/><\/figure>\n\n\n\n<p>Des cours de tricot et art du crochet sont pr\u00e9vus pour toute personne voulant se joindre au groupe existant.<\/p>\n\n\n\n<figure class=\"wp-block-gallery has-nested-images columns-default is-cropped wp-block-gallery-2 is-layout-flex wp-block-gallery-is-layout-flex\">\n<figure class=\"wp-block-image size-large\"><img loading=\"lazy\" decoding=\"async\" width=\"768\" height=\"1024\" data-id=\"841\" src=\"http:\/\/lesamisdelahume.fr\/wp-content\/uploads\/2024\/09\/IMG_3392-768x1024.jpg\" alt=\"\" class=\"wp-image-841\" srcset=\"https:\/\/lesamisdelahume.fr\/wp-content\/uploads\/2024\/09\/IMG_3392-768x1024.jpg 768w, https:\/\/lesamisdelahume.fr\/wp-content\/uploads\/2024\/09\/IMG_3392-225x300.jpg 225w, https:\/\/lesamisdelahume.fr\/wp-content\/uploads\/2024\/09\/IMG_3392-1152x1536.jpg 1152w, https:\/\/lesamisdelahume.fr\/wp-content\/uploads\/2024\/09\/IMG_3392-1536x2048.jpg 1536w, https:\/\/lesamisdelahume.fr\/wp-content\/uploads\/2024\/09\/IMG_3392-scaled.jpg 1920w\" sizes=\"auto, (max-width: 767px) 89vw, (max-width: 1000px) 54vw, (max-width: 1071px) 543px, 580px\" \/><\/figure>\n\n\n\n<figure class=\"wp-block-image size-large\"><img loading=\"lazy\" decoding=\"async\" width=\"1024\" height=\"768\" data-id=\"842\" src=\"http:\/\/lesamisdelahume.fr\/wp-content\/uploads\/2024\/09\/IMG_3418-1024x768.jpg\" alt=\"\" class=\"wp-image-842\" srcset=\"https:\/\/lesamisdelahume.fr\/wp-content\/uploads\/2024\/09\/IMG_3418-1024x768.jpg 1024w, https:\/\/lesamisdelahume.fr\/wp-content\/uploads\/2024\/09\/IMG_3418-300x225.jpg 300w, https:\/\/lesamisdelahume.fr\/wp-content\/uploads\/2024\/09\/IMG_3418-768x576.jpg 768w, https:\/\/lesamisdelahume.fr\/wp-content\/uploads\/2024\/09\/IMG_3418-1536x1152.jpg 1536w, https:\/\/lesamisdelahume.fr\/wp-content\/uploads\/2024\/09\/IMG_3418-2048x1536.jpg 2048w\" sizes=\"auto, (max-width: 767px) 89vw, (max-width: 1000px) 54vw, (max-width: 1071px) 543px, 580px\" \/><\/figure>\n\n\n\n<figure class=\"wp-block-image size-large\"><img loading=\"lazy\" decoding=\"async\" width=\"1024\" height=\"768\" data-id=\"1175\" src=\"https:\/\/lesamisdelahume.fr\/wp-content\/uploads\/2025\/06\/IMG_7125-1024x768.jpg\" alt=\"\" class=\"wp-image-1175\" srcset=\"https:\/\/lesamisdelahume.fr\/wp-content\/uploads\/2025\/06\/IMG_7125-1024x768.jpg 1024w, https:\/\/lesamisdelahume.fr\/wp-content\/uploads\/2025\/06\/IMG_7125-300x225.jpg 300w, https:\/\/lesamisdelahume.fr\/wp-content\/uploads\/2025\/06\/IMG_7125-768x576.jpg 768w, https:\/\/lesamisdelahume.fr\/wp-content\/uploads\/2025\/06\/IMG_7125-1536x1152.jpg 1536w, https:\/\/lesamisdelahume.fr\/wp-content\/uploads\/2025\/06\/IMG_7125-2048x1536.jpg 2048w\" sizes=\"auto, (max-width: 767px) 89vw, (max-width: 1000px) 54vw, (max-width: 1071px) 543px, 580px\" \/><\/figure>\n<\/figure>\n","protected":false},"excerpt":{"rendered":"<p>2026 Voil\u00e0 une manifestation estivale tr\u00e8s attendue par tous les habitants du Bassin et des touristes venus de la France enti\u00e8re. En juillet, ao\u00fbt et septembre, \u00e0 partir de 20 heures, au Port de la Hume, plus de 400 personnes viennent go\u00fbter \u00e0 une soir\u00e9e tr\u00e8s anim\u00e9e, commen\u00e7ant par un repas o\u00f9 les sardines grill\u00e9es &hellip; <\/p>\n<p class=\"link-more\"><a href=\"https:\/\/lesamisdelahume.fr\/index.php\/a-propos-de\/\" class=\"more-link\">Continuer la lecture<span class=\"screen-reader-text\"> de &laquo;&nbsp;Les manifestations&nbsp;&raquo;<\/span><\/a><\/p>\n","protected":false},"author":4,"featured_media":98,"parent":0,"menu_order":0,"comment_status":"closed","ping_status":"closed","template":"","meta":{"footnotes":""},"class_list":["post-10","page","type-page","status-publish","has-post-thumbnail","hentry"],"yoast_head":"<!-- This site is optimized with the Yoast SEO plugin v27.0 - https:\/\/yoast.com\/product\/yoast-seo-wordpress\/ -->\n<title>Les manifestations - Les Amis de la Hume<\/title>\n<meta name=\"robots\" content=\"index, follow, max-snippet:-1, max-image-preview:large, max-video-preview:-1\" \/>\n<link rel=\"canonical\" href=\"https:\/\/lesamisdelahume.fr\/index.php\/a-propos-de\/\" \/>\n<meta property=\"og:locale\" content=\"fr_FR\" \/>\n<meta property=\"og:type\" content=\"article\" \/>\n<meta property=\"og:title\" content=\"Les manifestations - Les Amis de la Hume\" \/>\n<meta property=\"og:description\" content=\"2026 Voil\u00e0 une manifestation estivale tr\u00e8s attendue par tous les habitants du Bassin et des touristes venus de la France enti\u00e8re. En juillet, ao\u00fbt et septembre, \u00e0 partir de 20 heures, au Port de la Hume, plus de 400 personnes viennent go\u00fbter \u00e0 une soir\u00e9e tr\u00e8s anim\u00e9e, commen\u00e7ant par un repas o\u00f9 les sardines grill\u00e9es &hellip; Continuer la lecture de &laquo;&nbsp;Les manifestations&nbsp;&raquo;\" \/>\n<meta property=\"og:url\" content=\"https:\/\/lesamisdelahume.fr\/index.php\/a-propos-de\/\" \/>\n<meta property=\"og:site_name\" content=\"Les Amis de la Hume\" \/>\n<meta property=\"article:modified_time\" content=\"2026-04-21T09:56:32+00:00\" \/>\n<meta property=\"og:image\" content=\"http:\/\/lesamisdelahume.fr\/wp-content\/uploads\/2021\/05\/amis-hume-1927-mai-2007-018.jpg\" \/>\n\t<meta property=\"og:image:width\" content=\"1632\" \/>\n\t<meta property=\"og:image:height\" content=\"1232\" \/>\n\t<meta property=\"og:image:type\" content=\"image\/jpeg\" \/>\n<meta name=\"twitter:card\" content=\"summary_large_image\" \/>\n<meta name=\"twitter:label1\" content=\"Dur\u00e9e de lecture estim\u00e9e\" \/>\n\t<meta name=\"twitter:data1\" content=\"7 minutes\" \/>\n<script type=\"application\/ld+json\" class=\"yoast-schema-graph\">{\"@context\":\"https:\/\/schema.org\",\"@graph\":[{\"@type\":\"WebPage\",\"@id\":\"https:\/\/lesamisdelahume.fr\/index.php\/a-propos-de\/\",\"url\":\"https:\/\/lesamisdelahume.fr\/index.php\/a-propos-de\/\",\"name\":\"Les manifestations - Les Amis de la Hume\",\"isPartOf\":{\"@id\":\"http:\/\/lesamisdelahume.fr\/#website\"},\"primaryImageOfPage\":{\"@id\":\"https:\/\/lesamisdelahume.fr\/index.php\/a-propos-de\/#primaryimage\"},\"image\":{\"@id\":\"https:\/\/lesamisdelahume.fr\/index.php\/a-propos-de\/#primaryimage\"},\"thumbnailUrl\":\"https:\/\/lesamisdelahume.fr\/wp-content\/uploads\/2021\/05\/amis-hume-1927-mai-2007-018.jpg\",\"datePublished\":\"2020-03-05T12:15:20+00:00\",\"dateModified\":\"2026-04-21T09:56:32+00:00\",\"breadcrumb\":{\"@id\":\"https:\/\/lesamisdelahume.fr\/index.php\/a-propos-de\/#breadcrumb\"},\"inLanguage\":\"fr-FR\",\"potentialAction\":[{\"@type\":\"ReadAction\",\"target\":[\"https:\/\/lesamisdelahume.fr\/index.php\/a-propos-de\/\"]}]},{\"@type\":\"ImageObject\",\"inLanguage\":\"fr-FR\",\"@id\":\"https:\/\/lesamisdelahume.fr\/index.php\/a-propos-de\/#primaryimage\",\"url\":\"https:\/\/lesamisdelahume.fr\/wp-content\/uploads\/2021\/05\/amis-hume-1927-mai-2007-018.jpg\",\"contentUrl\":\"https:\/\/lesamisdelahume.fr\/wp-content\/uploads\/2021\/05\/amis-hume-1927-mai-2007-018.jpg\",\"width\":1632,\"height\":1232},{\"@type\":\"BreadcrumbList\",\"@id\":\"https:\/\/lesamisdelahume.fr\/index.php\/a-propos-de\/#breadcrumb\",\"itemListElement\":[{\"@type\":\"ListItem\",\"position\":1,\"name\":\"Accueil\",\"item\":\"https:\/\/lesamisdelahume.fr\/\"},{\"@type\":\"ListItem\",\"position\":2,\"name\":\"Les manifestations\"}]},{\"@type\":\"WebSite\",\"@id\":\"http:\/\/lesamisdelahume.fr\/#website\",\"url\":\"http:\/\/lesamisdelahume.fr\/\",\"name\":\"Les Amis de la Hume\",\"description\":\"Association loi 1901\",\"potentialAction\":[{\"@type\":\"SearchAction\",\"target\":{\"@type\":\"EntryPoint\",\"urlTemplate\":\"http:\/\/lesamisdelahume.fr\/?s={search_term_string}\"},\"query-input\":{\"@type\":\"PropertyValueSpecification\",\"valueRequired\":true,\"valueName\":\"search_term_string\"}}],\"inLanguage\":\"fr-FR\"}]}<\/script>\n<!-- \/ Yoast SEO plugin. -->","yoast_head_json":{"title":"Les manifestations - Les Amis de la Hume","robots":{"index":"index","follow":"follow","max-snippet":"max-snippet:-1","max-image-preview":"max-image-preview:large","max-video-preview":"max-video-preview:-1"},"canonical":"https:\/\/lesamisdelahume.fr\/index.php\/a-propos-de\/","og_locale":"fr_FR","og_type":"article","og_title":"Les manifestations - Les Amis de la Hume","og_description":"2026 Voil\u00e0 une manifestation estivale tr\u00e8s attendue par tous les habitants du Bassin et des touristes venus de la France enti\u00e8re. En juillet, ao\u00fbt et septembre, \u00e0 partir de 20 heures, au Port de la Hume, plus de 400 personnes viennent go\u00fbter \u00e0 une soir\u00e9e tr\u00e8s anim\u00e9e, commen\u00e7ant par un repas o\u00f9 les sardines grill\u00e9es &hellip; Continuer la lecture de &laquo;&nbsp;Les manifestations&nbsp;&raquo;","og_url":"https:\/\/lesamisdelahume.fr\/index.php\/a-propos-de\/","og_site_name":"Les Amis de la Hume","article_modified_time":"2026-04-21T09:56:32+00:00","og_image":[{"width":1632,"height":1232,"url":"http:\/\/lesamisdelahume.fr\/wp-content\/uploads\/2021\/05\/amis-hume-1927-mai-2007-018.jpg","type":"image\/jpeg"}],"twitter_card":"summary_large_image","twitter_misc":{"Dur\u00e9e de lecture estim\u00e9e":"7 minutes"},"schema":{"@context":"https:\/\/schema.org","@graph":[{"@type":"WebPage","@id":"https:\/\/lesamisdelahume.fr\/index.php\/a-propos-de\/","url":"https:\/\/lesamisdelahume.fr\/index.php\/a-propos-de\/","name":"Les manifestations - Les Amis de la Hume","isPartOf":{"@id":"http:\/\/lesamisdelahume.fr\/#website"},"primaryImageOfPage":{"@id":"https:\/\/lesamisdelahume.fr\/index.php\/a-propos-de\/#primaryimage"},"image":{"@id":"https:\/\/lesamisdelahume.fr\/index.php\/a-propos-de\/#primaryimage"},"thumbnailUrl":"https:\/\/lesamisdelahume.fr\/wp-content\/uploads\/2021\/05\/amis-hume-1927-mai-2007-018.jpg","datePublished":"2020-03-05T12:15:20+00:00","dateModified":"2026-04-21T09:56:32+00:00","breadcrumb":{"@id":"https:\/\/lesamisdelahume.fr\/index.php\/a-propos-de\/#breadcrumb"},"inLanguage":"fr-FR","potentialAction":[{"@type":"ReadAction","target":["https:\/\/lesamisdelahume.fr\/index.php\/a-propos-de\/"]}]},{"@type":"ImageObject","inLanguage":"fr-FR","@id":"https:\/\/lesamisdelahume.fr\/index.php\/a-propos-de\/#primaryimage","url":"https:\/\/lesamisdelahume.fr\/wp-content\/uploads\/2021\/05\/amis-hume-1927-mai-2007-018.jpg","contentUrl":"https:\/\/lesamisdelahume.fr\/wp-content\/uploads\/2021\/05\/amis-hume-1927-mai-2007-018.jpg","width":1632,"height":1232},{"@type":"BreadcrumbList","@id":"https:\/\/lesamisdelahume.fr\/index.php\/a-propos-de\/#breadcrumb","itemListElement":[{"@type":"ListItem","position":1,"name":"Accueil","item":"https:\/\/lesamisdelahume.fr\/"},{"@type":"ListItem","position":2,"name":"Les manifestations"}]},{"@type":"WebSite","@id":"http:\/\/lesamisdelahume.fr\/#website","url":"http:\/\/lesamisdelahume.fr\/","name":"Les Amis de la Hume","description":"Association loi 1901","potentialAction":[{"@type":"SearchAction","target":{"@type":"EntryPoint","urlTemplate":"http:\/\/lesamisdelahume.fr\/?s={search_term_string}"},"query-input":{"@type":"PropertyValueSpecification","valueRequired":true,"valueName":"search_term_string"}}],"inLanguage":"fr-FR"}]}},"_links":{"self":[{"href":"https:\/\/lesamisdelahume.fr\/index.php\/wp-json\/wp\/v2\/pages\/10","targetHints":{"allow":["GET"]}}],"collection":[{"href":"https:\/\/lesamisdelahume.fr\/index.php\/wp-json\/wp\/v2\/pages"}],"about":[{"href":"https:\/\/lesamisdelahume.fr\/index.php\/wp-json\/wp\/v2\/types\/page"}],"author":[{"embeddable":true,"href":"https:\/\/lesamisdelahume.fr\/index.php\/wp-json\/wp\/v2\/users\/4"}],"replies":[{"embeddable":true,"href":"https:\/\/lesamisdelahume.fr\/index.php\/wp-json\/wp\/v2\/comments?post=10"}],"version-history":[{"count":29,"href":"https:\/\/lesamisdelahume.fr\/index.php\/wp-json\/wp\/v2\/pages\/10\/revisions"}],"predecessor-version":[{"id":1346,"href":"https:\/\/lesamisdelahume.fr\/index.php\/wp-json\/wp\/v2\/pages\/10\/revisions\/1346"}],"wp:featuredmedia":[{"embeddable":true,"href":"https:\/\/lesamisdelahume.fr\/index.php\/wp-json\/wp\/v2\/media\/98"}],"wp:attachment":[{"href":"https:\/\/lesamisdelahume.fr\/index.php\/wp-json\/wp\/v2\/media?parent=10"}],"curies":[{"name":"wp","href":"https:\/\/api.w.org\/{rel}","templated":true}]}}