{"id":35,"date":"2020-06-22T15:45:00","date_gmt":"2020-06-22T13:45:00","guid":{"rendered":"http:\/\/lesamisdelahume.fr\/?page_id=35"},"modified":"2025-05-04T18:33:58","modified_gmt":"2025-05-04T16:33:58","slug":"presses","status":"publish","type":"page","link":"https:\/\/lesamisdelahume.fr\/index.php\/presses\/","title":{"rendered":"Presses"},"content":{"rendered":"\n<p>Journal du Sud Ouest de septembre 2024<\/p>\n\n\n\n<figure class=\"wp-block-image size-full\"><img loading=\"lazy\" decoding=\"async\" width=\"682\" height=\"477\" src=\"https:\/\/lesamisdelahume.fr\/wp-content\/uploads\/2025\/05\/Changement-president-JPP-et-DP.jpg\" alt=\"\" class=\"wp-image-1147\" srcset=\"https:\/\/lesamisdelahume.fr\/wp-content\/uploads\/2025\/05\/Changement-president-JPP-et-DP.jpg 682w, https:\/\/lesamisdelahume.fr\/wp-content\/uploads\/2025\/05\/Changement-president-JPP-et-DP-300x210.jpg 300w\" sizes=\"auto, (max-width: 682px) 100vw, 682px\" \/><figcaption class=\"wp-element-caption\">Dominique Paignant (\u00e0 g) avec son pr\u00e9d\u00e9cesseur Jean-Pierre Petit. Photo Jacky Donzeaud<\/figcaption><\/figure>\n\n\n\n<figure class=\"wp-block-image size-large\"><img loading=\"lazy\" decoding=\"async\" width=\"1024\" height=\"1000\" src=\"http:\/\/lesamisdelahume.fr\/wp-content\/uploads\/2024\/11\/304202F0-D579-4B25-B480-5D1DCC6CBB09_1_201_a-1024x1000.jpeg\" alt=\"\" class=\"wp-image-863\" srcset=\"https:\/\/lesamisdelahume.fr\/wp-content\/uploads\/2024\/11\/304202F0-D579-4B25-B480-5D1DCC6CBB09_1_201_a-1024x1000.jpeg 1024w, https:\/\/lesamisdelahume.fr\/wp-content\/uploads\/2024\/11\/304202F0-D579-4B25-B480-5D1DCC6CBB09_1_201_a-300x293.jpeg 300w, https:\/\/lesamisdelahume.fr\/wp-content\/uploads\/2024\/11\/304202F0-D579-4B25-B480-5D1DCC6CBB09_1_201_a-768x750.jpeg 768w, https:\/\/lesamisdelahume.fr\/wp-content\/uploads\/2024\/11\/304202F0-D579-4B25-B480-5D1DCC6CBB09_1_201_a.jpeg 1106w\" sizes=\"auto, (max-width: 767px) 89vw, (max-width: 1000px) 54vw, (max-width: 1071px) 543px, 580px\" \/><figcaption class=\"wp-element-caption\">Journal Sud Ouest du mardi 21 mars 2023<\/figcaption><\/figure>\n\n\n\n<p><\/p>\n\n\n\n<figure class=\"wp-block-image size-large\"><img loading=\"lazy\" decoding=\"async\" width=\"828\" height=\"1024\" src=\"http:\/\/lesamisdelahume.fr\/wp-content\/uploads\/2022\/02\/trico-the-828x1024.jpg\" alt=\"\" class=\"wp-image-354\" srcset=\"https:\/\/lesamisdelahume.fr\/wp-content\/uploads\/2022\/02\/trico-the-828x1024.jpg 828w, https:\/\/lesamisdelahume.fr\/wp-content\/uploads\/2022\/02\/trico-the-242x300.jpg 242w, https:\/\/lesamisdelahume.fr\/wp-content\/uploads\/2022\/02\/trico-the-768x950.jpg 768w, https:\/\/lesamisdelahume.fr\/wp-content\/uploads\/2022\/02\/trico-the-1241x1536.jpg 1241w, https:\/\/lesamisdelahume.fr\/wp-content\/uploads\/2022\/02\/trico-the-1655x2048.jpg 1655w, https:\/\/lesamisdelahume.fr\/wp-content\/uploads\/2022\/02\/trico-the.jpg 1888w\" sizes=\"auto, (max-width: 767px) 89vw, (max-width: 1000px) 54vw, (max-width: 1071px) 543px, 580px\" \/><figcaption class=\"wp-element-caption\">L&rsquo;atelier tricot \u00e0 La Hume 2022<\/figcaption><\/figure>\n\n\n\n<p><\/p>\n","protected":false},"excerpt":{"rendered":"<p>Journal du Sud Ouest de septembre 2024<\/p>\n","protected":false},"author":4,"featured_media":0,"parent":0,"menu_order":0,"comment_status":"closed","ping_status":"closed","template":"","meta":{"footnotes":""},"class_list":["post-35","page","type-page","status-publish","hentry"],"yoast_head":"<!-- This site is optimized with the Yoast SEO plugin v27.0 - https:\/\/yoast.com\/product\/yoast-seo-wordpress\/ -->\n<title>Presses - Les Amis de la Hume<\/title>\n<meta name=\"robots\" content=\"index, follow, max-snippet:-1, max-image-preview:large, max-video-preview:-1\" \/>\n<link rel=\"canonical\" href=\"https:\/\/lesamisdelahume.fr\/index.php\/presses\/\" \/>\n<meta property=\"og:locale\" content=\"fr_FR\" \/>\n<meta property=\"og:type\" content=\"article\" \/>\n<meta property=\"og:title\" content=\"Presses - Les Amis de la Hume\" \/>\n<meta property=\"og:description\" content=\"Journal du Sud Ouest de septembre 2024\" \/>\n<meta property=\"og:url\" content=\"https:\/\/lesamisdelahume.fr\/index.php\/presses\/\" \/>\n<meta property=\"og:site_name\" content=\"Les Amis de la Hume\" \/>\n<meta property=\"article:modified_time\" content=\"2025-05-04T16:33:58+00:00\" \/>\n<meta property=\"og:image\" content=\"https:\/\/lesamisdelahume.fr\/wp-content\/uploads\/2025\/05\/Changement-president-JPP-et-DP.jpg\" \/>\n<meta name=\"twitter:card\" content=\"summary_large_image\" \/>\n<meta name=\"twitter:label1\" content=\"Dur\u00e9e de lecture estim\u00e9e\" \/>\n\t<meta name=\"twitter:data1\" content=\"1 minute\" \/>\n<script type=\"application\/ld+json\" class=\"yoast-schema-graph\">{\"@context\":\"https:\/\/schema.org\",\"@graph\":[{\"@type\":\"WebPage\",\"@id\":\"https:\/\/lesamisdelahume.fr\/index.php\/presses\/\",\"url\":\"https:\/\/lesamisdelahume.fr\/index.php\/presses\/\",\"name\":\"Presses - Les Amis de la Hume\",\"isPartOf\":{\"@id\":\"http:\/\/lesamisdelahume.fr\/#website\"},\"primaryImageOfPage\":{\"@id\":\"https:\/\/lesamisdelahume.fr\/index.php\/presses\/#primaryimage\"},\"image\":{\"@id\":\"https:\/\/lesamisdelahume.fr\/index.php\/presses\/#primaryimage\"},\"thumbnailUrl\":\"https:\/\/lesamisdelahume.fr\/wp-content\/uploads\/2025\/05\/Changement-president-JPP-et-DP.jpg\",\"datePublished\":\"2020-06-22T13:45:00+00:00\",\"dateModified\":\"2025-05-04T16:33:58+00:00\",\"breadcrumb\":{\"@id\":\"https:\/\/lesamisdelahume.fr\/index.php\/presses\/#breadcrumb\"},\"inLanguage\":\"fr-FR\",\"potentialAction\":[{\"@type\":\"ReadAction\",\"target\":[\"https:\/\/lesamisdelahume.fr\/index.php\/presses\/\"]}]},{\"@type\":\"ImageObject\",\"inLanguage\":\"fr-FR\",\"@id\":\"https:\/\/lesamisdelahume.fr\/index.php\/presses\/#primaryimage\",\"url\":\"https:\/\/lesamisdelahume.fr\/wp-content\/uploads\/2025\/05\/Changement-president-JPP-et-DP.jpg\",\"contentUrl\":\"https:\/\/lesamisdelahume.fr\/wp-content\/uploads\/2025\/05\/Changement-president-JPP-et-DP.jpg\",\"width\":682,\"height\":477},{\"@type\":\"BreadcrumbList\",\"@id\":\"https:\/\/lesamisdelahume.fr\/index.php\/presses\/#breadcrumb\",\"itemListElement\":[{\"@type\":\"ListItem\",\"position\":1,\"name\":\"Accueil\",\"item\":\"https:\/\/lesamisdelahume.fr\/\"},{\"@type\":\"ListItem\",\"position\":2,\"name\":\"Presses\"}]},{\"@type\":\"WebSite\",\"@id\":\"http:\/\/lesamisdelahume.fr\/#website\",\"url\":\"http:\/\/lesamisdelahume.fr\/\",\"name\":\"Les Amis de la Hume\",\"description\":\"Association loi 1901\",\"potentialAction\":[{\"@type\":\"SearchAction\",\"target\":{\"@type\":\"EntryPoint\",\"urlTemplate\":\"http:\/\/lesamisdelahume.fr\/?s={search_term_string}\"},\"query-input\":{\"@type\":\"PropertyValueSpecification\",\"valueRequired\":true,\"valueName\":\"search_term_string\"}}],\"inLanguage\":\"fr-FR\"}]}<\/script>\n<!-- \/ Yoast SEO plugin. -->","yoast_head_json":{"title":"Presses - Les Amis de la Hume","robots":{"index":"index","follow":"follow","max-snippet":"max-snippet:-1","max-image-preview":"max-image-preview:large","max-video-preview":"max-video-preview:-1"},"canonical":"https:\/\/lesamisdelahume.fr\/index.php\/presses\/","og_locale":"fr_FR","og_type":"article","og_title":"Presses - Les Amis de la Hume","og_description":"Journal du Sud Ouest de septembre 2024","og_url":"https:\/\/lesamisdelahume.fr\/index.php\/presses\/","og_site_name":"Les Amis de la Hume","article_modified_time":"2025-05-04T16:33:58+00:00","og_image":[{"url":"https:\/\/lesamisdelahume.fr\/wp-content\/uploads\/2025\/05\/Changement-president-JPP-et-DP.jpg","type":"","width":"","height":""}],"twitter_card":"summary_large_image","twitter_misc":{"Dur\u00e9e de lecture estim\u00e9e":"1 minute"},"schema":{"@context":"https:\/\/schema.org","@graph":[{"@type":"WebPage","@id":"https:\/\/lesamisdelahume.fr\/index.php\/presses\/","url":"https:\/\/lesamisdelahume.fr\/index.php\/presses\/","name":"Presses - Les Amis de la Hume","isPartOf":{"@id":"http:\/\/lesamisdelahume.fr\/#website"},"primaryImageOfPage":{"@id":"https:\/\/lesamisdelahume.fr\/index.php\/presses\/#primaryimage"},"image":{"@id":"https:\/\/lesamisdelahume.fr\/index.php\/presses\/#primaryimage"},"thumbnailUrl":"https:\/\/lesamisdelahume.fr\/wp-content\/uploads\/2025\/05\/Changement-president-JPP-et-DP.jpg","datePublished":"2020-06-22T13:45:00+00:00","dateModified":"2025-05-04T16:33:58+00:00","breadcrumb":{"@id":"https:\/\/lesamisdelahume.fr\/index.php\/presses\/#breadcrumb"},"inLanguage":"fr-FR","potentialAction":[{"@type":"ReadAction","target":["https:\/\/lesamisdelahume.fr\/index.php\/presses\/"]}]},{"@type":"ImageObject","inLanguage":"fr-FR","@id":"https:\/\/lesamisdelahume.fr\/index.php\/presses\/#primaryimage","url":"https:\/\/lesamisdelahume.fr\/wp-content\/uploads\/2025\/05\/Changement-president-JPP-et-DP.jpg","contentUrl":"https:\/\/lesamisdelahume.fr\/wp-content\/uploads\/2025\/05\/Changement-president-JPP-et-DP.jpg","width":682,"height":477},{"@type":"BreadcrumbList","@id":"https:\/\/lesamisdelahume.fr\/index.php\/presses\/#breadcrumb","itemListElement":[{"@type":"ListItem","position":1,"name":"Accueil","item":"https:\/\/lesamisdelahume.fr\/"},{"@type":"ListItem","position":2,"name":"Presses"}]},{"@type":"WebSite","@id":"http:\/\/lesamisdelahume.fr\/#website","url":"http:\/\/lesamisdelahume.fr\/","name":"Les Amis de la Hume","description":"Association loi 1901","potentialAction":[{"@type":"SearchAction","target":{"@type":"EntryPoint","urlTemplate":"http:\/\/lesamisdelahume.fr\/?s={search_term_string}"},"query-input":{"@type":"PropertyValueSpecification","valueRequired":true,"valueName":"search_term_string"}}],"inLanguage":"fr-FR"}]}},"_links":{"self":[{"href":"https:\/\/lesamisdelahume.fr\/index.php\/wp-json\/wp\/v2\/pages\/35","targetHints":{"allow":["GET"]}}],"collection":[{"href":"https:\/\/lesamisdelahume.fr\/index.php\/wp-json\/wp\/v2\/pages"}],"about":[{"href":"https:\/\/lesamisdelahume.fr\/index.php\/wp-json\/wp\/v2\/types\/page"}],"author":[{"embeddable":true,"href":"https:\/\/lesamisdelahume.fr\/index.php\/wp-json\/wp\/v2\/users\/4"}],"replies":[{"embeddable":true,"href":"https:\/\/lesamisdelahume.fr\/index.php\/wp-json\/wp\/v2\/comments?post=35"}],"version-history":[{"count":12,"href":"https:\/\/lesamisdelahume.fr\/index.php\/wp-json\/wp\/v2\/pages\/35\/revisions"}],"predecessor-version":[{"id":1150,"href":"https:\/\/lesamisdelahume.fr\/index.php\/wp-json\/wp\/v2\/pages\/35\/revisions\/1150"}],"wp:attachment":[{"href":"https:\/\/lesamisdelahume.fr\/index.php\/wp-json\/wp\/v2\/media?parent=35"}],"curies":[{"name":"wp","href":"https:\/\/api.w.org\/{rel}","templated":true}]}}

<p>Journal du Sud Ouest de septembre 2024</p>



<figure class="wp-block-image size-full"><img loading="lazy" decoding="async" width="682" height="477" src="https://lesamisdelahume.fr/wp-content/uploads/2025/05/Changement-president-JPP-et-DP.jpg" alt="" class="wp-image-1147" srcset="https://lesamisdelahume.fr/wp-content/uploads/2025/05/Changement-president-JPP-et-DP.jpg 682w, https://lesamisdelahume.fr/wp-content/uploads/2025/05/Changement-president-JPP-et-DP-300x210.jpg 300w" sizes="auto, (max-width: 682px) 100vw, 682px" /><figcaption class="wp-element-caption">Dominique Paignant (à g) avec son prédécesseur Jean-Pierre Petit. Photo Jacky Donzeaud</figcaption></figure>



<figure class="wp-block-image size-large"><img loading="lazy" decoding="async" width="1024" height="1000" src="http://lesamisdelahume.fr/wp-content/uploads/2024/11/304202F0-D579-4B25-B480-5D1DCC6CBB09_1_201_a-1024x1000.jpeg" alt="" class="wp-image-863" srcset="https://lesamisdelahume.fr/wp-content/uploads/2024/11/304202F0-D579-4B25-B480-5D1DCC6CBB09_1_201_a-1024x1000.jpeg 1024w, https://lesamisdelahume.fr/wp-content/uploads/2024/11/304202F0-D579-4B25-B480-5D1DCC6CBB09_1_201_a-300x293.jpeg 300w, https://lesamisdelahume.fr/wp-content/uploads/2024/11/304202F0-D579-4B25-B480-5D1DCC6CBB09_1_201_a-768x750.jpeg 768w, https://lesamisdelahume.fr/wp-content/uploads/2024/11/304202F0-D579-4B25-B480-5D1DCC6CBB09_1_201_a.jpeg 1106w" sizes="auto, (max-width: 767px) 89vw, (max-width: 1000px) 54vw, (max-width: 1071px) 543px, 580px" /><figcaption class="wp-element-caption">Journal Sud Ouest du mardi 21 mars 2023</figcaption></figure>



<p></p>



<figure class="wp-block-image size-large"><img loading="lazy" decoding="async" width="828" height="1024" src="http://lesamisdelahume.fr/wp-content/uploads/2022/02/trico-the-828x1024.jpg" alt="" class="wp-image-354" srcset="https://lesamisdelahume.fr/wp-content/uploads/2022/02/trico-the-828x1024.jpg 828w, https://lesamisdelahume.fr/wp-content/uploads/2022/02/trico-the-242x300.jpg 242w, https://lesamisdelahume.fr/wp-content/uploads/2022/02/trico-the-768x950.jpg 768w, https://lesamisdelahume.fr/wp-content/uploads/2022/02/trico-the-1241x1536.jpg 1241w, https://lesamisdelahume.fr/wp-content/uploads/2022/02/trico-the-1655x2048.jpg 1655w, https://lesamisdelahume.fr/wp-content/uploads/2022/02/trico-the.jpg 1888w" sizes="auto, (max-width: 767px) 89vw, (max-width: 1000px) 54vw, (max-width: 1071px) 543px, 580px" /><figcaption class="wp-element-caption">L&rsquo;atelier tricot à La Hume 2022</figcaption></figure>



<p></p>

<!-- This site is optimized with the Yoast SEO plugin v27.0 - https://yoast.com/product/yoast-seo-wordpress/ -->
<title>Presses - Les Amis de la Hume</title>
<meta name="robots" content="index, follow, max-snippet:-1, max-image-preview:large, max-video-preview:-1" />
<link rel="canonical" href="https://lesamisdelahume.fr/index.php/presses/" />
<meta property="og:locale" content="fr_FR" />
<meta property="og:type" content="article" />
<meta property="og:title" content="Presses - Les Amis de la Hume" />
<meta property="og:description" content="Journal du Sud Ouest de septembre 2024" />
<meta property="og:url" content="https://lesamisdelahume.fr/index.php/presses/" />
<meta property="og:site_name" content="Les Amis de la Hume" />
<meta property="article:modified_time" content="2025-05-04T16:33:58+00:00" />
<meta property="og:image" content="https://lesamisdelahume.fr/wp-content/uploads/2025/05/Changement-president-JPP-et-DP.jpg" />
<meta name="twitter:card" content="summary_large_image" />
<meta name="twitter:label1" content="Durée de lecture estimée" />
	<meta name="twitter:data1" content="1 minute" />
<script type="application/ld+json" class="yoast-schema-graph">{"@context":"https://schema.org","@graph":[{"@type":"WebPage","@id":"https://lesamisdelahume.fr/index.php/presses/","url":"https://lesamisdelahume.fr/index.php/presses/","name":"Presses - Les Amis de la Hume","isPartOf":{"@id":"http://lesamisdelahume.fr/#website"},"primaryImageOfPage":{"@id":"https://lesamisdelahume.fr/index.php/presses/#primaryimage"},"image":{"@id":"https://lesamisdelahume.fr/index.php/presses/#primaryimage"},"thumbnailUrl":"https://lesamisdelahume.fr/wp-content/uploads/2025/05/Changement-president-JPP-et-DP.jpg","datePublished":"2020-06-22T13:45:00+00:00","dateModified":"2025-05-04T16:33:58+00:00","breadcrumb":{"@id":"https://lesamisdelahume.fr/index.php/presses/#breadcrumb"},"inLanguage":"fr-FR","potentialAction":[{"@type":"ReadAction","target":["https://lesamisdelahume.fr/index.php/presses/"]}]},{"@type":"ImageObject","inLanguage":"fr-FR","@id":"https://lesamisdelahume.fr/index.php/presses/#primaryimage","url":"https://lesamisdelahume.fr/wp-content/uploads/2025/05/Changement-president-JPP-et-DP.jpg","contentUrl":"https://lesamisdelahume.fr/wp-content/uploads/2025/05/Changement-president-JPP-et-DP.jpg","width":682,"height":477},{"@type":"BreadcrumbList","@id":"https://lesamisdelahume.fr/index.php/presses/#breadcrumb","itemListElement":[{"@type":"ListItem","position":1,"name":"Accueil","item":"https://lesamisdelahume.fr/"},{"@type":"ListItem","position":2,"name":"Presses"}]},{"@type":"WebSite","@id":"http://lesamisdelahume.fr/#website","url":"http://lesamisdelahume.fr/","name":"Les Amis de la Hume","description":"Association loi 1901","potentialAction":[{"@type":"SearchAction","target":{"@type":"EntryPoint","urlTemplate":"http://lesamisdelahume.fr/?s={search_term_string}"},"query-input":{"@type":"PropertyValueSpecification","valueRequired":true,"valueName":"search_term_string"}}],"inLanguage":"fr-FR"}]}</script>
<!-- / Yoast SEO plugin. -->
