{"id":9,"date":"2020-03-05T13:15:20","date_gmt":"2020-03-05T12:15:20","guid":{"rendered":"http:\/\/lesamisdelahume.fr\/?page_id=9"},"modified":"2026-03-12T16:02:37","modified_gmt":"2026-03-12T15:02:37","slug":"accueil","status":"publish","type":"page","link":"https:\/\/lesamisdelahume.fr\/","title":{"rendered":"Accueil"},"content":{"rendered":"\n<p class=\"has-large-font-size\">Accueil<\/p>\n\n\n\n<figure class=\"wp-block-gallery has-nested-images columns-default is-cropped wp-block-gallery-1 is-layout-flex wp-block-gallery-is-layout-flex\"><\/figure>\n\n\n\n<p class=\"has-light-green-cyan-color has-text-color has-background has-link-color has-medium-font-size wp-elements-658096cc688f83f893f6782da21f4a90\" style=\"background:linear-gradient(197deg,rgba(6,147,227,1) 0%,rgb(155,81,224) 100%)\">Bienvenue sur le site de l&rsquo;association Les Amis de La Hume !<\/p>\n\n\n\n<p>L\u2019association \u00ab\u00a0Les Amis de la Hume\u00a0\u00bb a \u00e9t\u00e9 cr\u00e9\u00e9e en 2005, suite \u00e0 la transformation du Syndicat d\u2019Initiative en Office du Tourisme. Ce syndicat organisait depuis 1927, les diff\u00e9rentes animations du quartier de la Hume \u00e0 Gujan-Mestras.<\/p>\n\n\n\n<p>D\u00e9sormais, les Amis de la Hume est une association ind\u00e9pendante, forte de 170 adh\u00e9rents, et peut compter sur de nombreux b\u00e9n\u00e9voles, pour proposer des manifestations festives ou culturelles tout au long de l\u2019ann\u00e9e.&nbsp;<\/p>\n\n\n\n<p>Notre force repose sur un autofinancement de nos animations, nous ne percevons aucune subvention.<\/p>\n\n\n\n<p>Notre association est ouverte \u00e0 toutes et \u00e0 tous. Si vous, lectrice ou lecteur de notre site, disposez de temps libre, venez nous rejoindre, nous sommes une \u00e9quipe dynamique, o\u00f9 la bonne humeur est de r\u00e8gle&nbsp;!<\/p>\n\n\n\n<hr class=\"wp-block-separator has-alpha-channel-opacity\"\/>\n\n\n\n<p class=\"has-medium-font-size\"><\/p>\n\n\n\n<p><\/p>\n\n\n\n<p><\/p>\n\n\n\n<p><\/p>\n\n\n\n<p><\/p>\n","protected":false},"excerpt":{"rendered":"<p>Accueil Bienvenue sur le site de l&rsquo;association Les Amis de La Hume ! L\u2019association \u00ab\u00a0Les Amis de la Hume\u00a0\u00bb a \u00e9t\u00e9 cr\u00e9\u00e9e en 2005, suite \u00e0 la transformation du Syndicat d\u2019Initiative en Office du Tourisme. Ce syndicat organisait depuis 1927, les diff\u00e9rentes animations du quartier de la Hume \u00e0 Gujan-Mestras. D\u00e9sormais, les Amis de la &hellip; <\/p>\n<p class=\"link-more\"><a href=\"https:\/\/lesamisdelahume.fr\/\" class=\"more-link\">Continuer la lecture<span class=\"screen-reader-text\"> de &laquo;&nbsp;Accueil&nbsp;&raquo;<\/span><\/a><\/p>\n","protected":false},"author":4,"featured_media":847,"parent":0,"menu_order":0,"comment_status":"closed","ping_status":"closed","template":"","meta":{"footnotes":""},"class_list":["post-9","page","type-page","status-publish","has-post-thumbnail","hentry"],"yoast_head":"<!-- This site is optimized with the Yoast SEO plugin v27.0 - https:\/\/yoast.com\/product\/yoast-seo-wordpress\/ -->\n<title>Accueil - Les Amis de la Hume<\/title>\n<meta name=\"robots\" content=\"index, follow, max-snippet:-1, max-image-preview:large, max-video-preview:-1\" \/>\n<link rel=\"canonical\" href=\"https:\/\/lesamisdelahume.fr\/\" \/>\n<meta property=\"og:locale\" content=\"fr_FR\" \/>\n<meta property=\"og:type\" content=\"article\" \/>\n<meta property=\"og:title\" content=\"Accueil - Les Amis de la Hume\" \/>\n<meta property=\"og:description\" content=\"Accueil Bienvenue sur le site de l&rsquo;association Les Amis de La Hume ! L\u2019association \u00ab\u00a0Les Amis de la Hume\u00a0\u00bb a \u00e9t\u00e9 cr\u00e9\u00e9e en 2005, suite \u00e0 la transformation du Syndicat d\u2019Initiative en Office du Tourisme. Ce syndicat organisait depuis 1927, les diff\u00e9rentes animations du quartier de la Hume \u00e0 Gujan-Mestras. D\u00e9sormais, les Amis de la &hellip; Continuer la lecture de &laquo;&nbsp;Accueil&nbsp;&raquo;\" \/>\n<meta property=\"og:url\" content=\"https:\/\/lesamisdelahume.fr\/\" \/>\n<meta property=\"og:site_name\" content=\"Les Amis de la Hume\" \/>\n<meta property=\"article:modified_time\" content=\"2026-03-12T15:02:37+00:00\" \/>\n<meta property=\"og:image\" content=\"http:\/\/lesamisdelahume.fr\/wp-content\/uploads\/2024\/09\/IMG_3271-rotated.jpg\" \/>\n\t<meta property=\"og:image:width\" content=\"480\" \/>\n\t<meta property=\"og:image:height\" content=\"640\" \/>\n\t<meta property=\"og:image:type\" content=\"image\/jpeg\" \/>\n<meta name=\"twitter:card\" content=\"summary_large_image\" \/>\n<meta name=\"twitter:label1\" content=\"Dur\u00e9e de lecture estim\u00e9e\" \/>\n\t<meta name=\"twitter:data1\" content=\"1 minute\" \/>\n<script type=\"application\/ld+json\" class=\"yoast-schema-graph\">{\"@context\":\"https:\/\/schema.org\",\"@graph\":[{\"@type\":\"WebPage\",\"@id\":\"https:\/\/lesamisdelahume.fr\/\",\"url\":\"https:\/\/lesamisdelahume.fr\/\",\"name\":\"Accueil - Les Amis de la Hume\",\"isPartOf\":{\"@id\":\"http:\/\/lesamisdelahume.fr\/#website\"},\"primaryImageOfPage\":{\"@id\":\"https:\/\/lesamisdelahume.fr\/#primaryimage\"},\"image\":{\"@id\":\"https:\/\/lesamisdelahume.fr\/#primaryimage\"},\"thumbnailUrl\":\"https:\/\/lesamisdelahume.fr\/wp-content\/uploads\/2024\/09\/IMG_3271-rotated.jpg\",\"datePublished\":\"2020-03-05T12:15:20+00:00\",\"dateModified\":\"2026-03-12T15:02:37+00:00\",\"breadcrumb\":{\"@id\":\"https:\/\/lesamisdelahume.fr\/#breadcrumb\"},\"inLanguage\":\"fr-FR\",\"potentialAction\":[{\"@type\":\"ReadAction\",\"target\":[\"https:\/\/lesamisdelahume.fr\/\"]}]},{\"@type\":\"ImageObject\",\"inLanguage\":\"fr-FR\",\"@id\":\"https:\/\/lesamisdelahume.fr\/#primaryimage\",\"url\":\"https:\/\/lesamisdelahume.fr\/wp-content\/uploads\/2024\/09\/IMG_3271-rotated.jpg\",\"contentUrl\":\"https:\/\/lesamisdelahume.fr\/wp-content\/uploads\/2024\/09\/IMG_3271-rotated.jpg\",\"width\":480,\"height\":640},{\"@type\":\"BreadcrumbList\",\"@id\":\"https:\/\/lesamisdelahume.fr\/#breadcrumb\",\"itemListElement\":[{\"@type\":\"ListItem\",\"position\":1,\"name\":\"Accueil\",\"item\":\"https:\/\/lesamisdelahume.fr\/\"},{\"@type\":\"ListItem\",\"position\":2,\"name\":\"Accueil\"}]},{\"@type\":\"WebSite\",\"@id\":\"http:\/\/lesamisdelahume.fr\/#website\",\"url\":\"http:\/\/lesamisdelahume.fr\/\",\"name\":\"Les Amis de la Hume\",\"description\":\"Association loi 1901\",\"potentialAction\":[{\"@type\":\"SearchAction\",\"target\":{\"@type\":\"EntryPoint\",\"urlTemplate\":\"http:\/\/lesamisdelahume.fr\/?s={search_term_string}\"},\"query-input\":{\"@type\":\"PropertyValueSpecification\",\"valueRequired\":true,\"valueName\":\"search_term_string\"}}],\"inLanguage\":\"fr-FR\"}]}<\/script>\n<!-- \/ Yoast SEO plugin. -->","yoast_head_json":{"title":"Accueil - Les Amis de la Hume","robots":{"index":"index","follow":"follow","max-snippet":"max-snippet:-1","max-image-preview":"max-image-preview:large","max-video-preview":"max-video-preview:-1"},"canonical":"https:\/\/lesamisdelahume.fr\/","og_locale":"fr_FR","og_type":"article","og_title":"Accueil - Les Amis de la Hume","og_description":"Accueil Bienvenue sur le site de l&rsquo;association Les Amis de La Hume ! L\u2019association \u00ab\u00a0Les Amis de la Hume\u00a0\u00bb a \u00e9t\u00e9 cr\u00e9\u00e9e en 2005, suite \u00e0 la transformation du Syndicat d\u2019Initiative en Office du Tourisme. Ce syndicat organisait depuis 1927, les diff\u00e9rentes animations du quartier de la Hume \u00e0 Gujan-Mestras. D\u00e9sormais, les Amis de la &hellip; Continuer la lecture de &laquo;&nbsp;Accueil&nbsp;&raquo;","og_url":"https:\/\/lesamisdelahume.fr\/","og_site_name":"Les Amis de la Hume","article_modified_time":"2026-03-12T15:02:37+00:00","og_image":[{"width":480,"height":640,"url":"http:\/\/lesamisdelahume.fr\/wp-content\/uploads\/2024\/09\/IMG_3271-rotated.jpg","type":"image\/jpeg"}],"twitter_card":"summary_large_image","twitter_misc":{"Dur\u00e9e de lecture estim\u00e9e":"1 minute"},"schema":{"@context":"https:\/\/schema.org","@graph":[{"@type":"WebPage","@id":"https:\/\/lesamisdelahume.fr\/","url":"https:\/\/lesamisdelahume.fr\/","name":"Accueil - Les Amis de la Hume","isPartOf":{"@id":"http:\/\/lesamisdelahume.fr\/#website"},"primaryImageOfPage":{"@id":"https:\/\/lesamisdelahume.fr\/#primaryimage"},"image":{"@id":"https:\/\/lesamisdelahume.fr\/#primaryimage"},"thumbnailUrl":"https:\/\/lesamisdelahume.fr\/wp-content\/uploads\/2024\/09\/IMG_3271-rotated.jpg","datePublished":"2020-03-05T12:15:20+00:00","dateModified":"2026-03-12T15:02:37+00:00","breadcrumb":{"@id":"https:\/\/lesamisdelahume.fr\/#breadcrumb"},"inLanguage":"fr-FR","potentialAction":[{"@type":"ReadAction","target":["https:\/\/lesamisdelahume.fr\/"]}]},{"@type":"ImageObject","inLanguage":"fr-FR","@id":"https:\/\/lesamisdelahume.fr\/#primaryimage","url":"https:\/\/lesamisdelahume.fr\/wp-content\/uploads\/2024\/09\/IMG_3271-rotated.jpg","contentUrl":"https:\/\/lesamisdelahume.fr\/wp-content\/uploads\/2024\/09\/IMG_3271-rotated.jpg","width":480,"height":640},{"@type":"BreadcrumbList","@id":"https:\/\/lesamisdelahume.fr\/#breadcrumb","itemListElement":[{"@type":"ListItem","position":1,"name":"Accueil","item":"https:\/\/lesamisdelahume.fr\/"},{"@type":"ListItem","position":2,"name":"Accueil"}]},{"@type":"WebSite","@id":"http:\/\/lesamisdelahume.fr\/#website","url":"http:\/\/lesamisdelahume.fr\/","name":"Les Amis de la Hume","description":"Association loi 1901","potentialAction":[{"@type":"SearchAction","target":{"@type":"EntryPoint","urlTemplate":"http:\/\/lesamisdelahume.fr\/?s={search_term_string}"},"query-input":{"@type":"PropertyValueSpecification","valueRequired":true,"valueName":"search_term_string"}}],"inLanguage":"fr-FR"}]}},"_links":{"self":[{"href":"https:\/\/lesamisdelahume.fr\/index.php\/wp-json\/wp\/v2\/pages\/9","targetHints":{"allow":["GET"]}}],"collection":[{"href":"https:\/\/lesamisdelahume.fr\/index.php\/wp-json\/wp\/v2\/pages"}],"about":[{"href":"https:\/\/lesamisdelahume.fr\/index.php\/wp-json\/wp\/v2\/types\/page"}],"author":[{"embeddable":true,"href":"https:\/\/lesamisdelahume.fr\/index.php\/wp-json\/wp\/v2\/users\/4"}],"replies":[{"embeddable":true,"href":"https:\/\/lesamisdelahume.fr\/index.php\/wp-json\/wp\/v2\/comments?post=9"}],"version-history":[{"count":28,"href":"https:\/\/lesamisdelahume.fr\/index.php\/wp-json\/wp\/v2\/pages\/9\/revisions"}],"predecessor-version":[{"id":1266,"href":"https:\/\/lesamisdelahume.fr\/index.php\/wp-json\/wp\/v2\/pages\/9\/revisions\/1266"}],"wp:featuredmedia":[{"embeddable":true,"href":"https:\/\/lesamisdelahume.fr\/index.php\/wp-json\/wp\/v2\/media\/847"}],"wp:attachment":[{"href":"https:\/\/lesamisdelahume.fr\/index.php\/wp-json\/wp\/v2\/media?parent=9"}],"curies":[{"name":"wp","href":"https:\/\/api.w.org\/{rel}","templated":true}]}}

<p class="has-large-font-size">Accueil</p>



<figure class="wp-block-gallery has-nested-images columns-default is-cropped wp-block-gallery-1 is-layout-flex wp-block-gallery-is-layout-flex"></figure>



<p class="has-light-green-cyan-color has-text-color has-background has-link-color has-medium-font-size wp-elements-658096cc688f83f893f6782da21f4a90" style="background:linear-gradient(197deg,rgba(6,147,227,1) 0%,rgb(155,81,224) 100%)">Bienvenue sur le site de l&rsquo;association Les Amis de La Hume !</p>



<p>L’association « Les Amis de la Hume » a été créée en 2005, suite à la transformation du Syndicat d’Initiative en Office du Tourisme. Ce syndicat organisait depuis 1927, les différentes animations du quartier de la Hume à Gujan-Mestras.</p>



<p>Désormais, les Amis de la Hume est une association indépendante, forte de 170 adhérents, et peut compter sur de nombreux bénévoles, pour proposer des manifestations festives ou culturelles tout au long de l’année.&nbsp;</p>



<p>Notre force repose sur un autofinancement de nos animations, nous ne percevons aucune subvention.</p>



<p>Notre association est ouverte à toutes et à tous. Si vous, lectrice ou lecteur de notre site, disposez de temps libre, venez nous rejoindre, nous sommes une équipe dynamique, où la bonne humeur est de règle&nbsp;!</p>



<hr class="wp-block-separator has-alpha-channel-opacity"/>



<p class="has-medium-font-size"></p>



<p></p>



<p></p>



<p></p>



<p></p>

<p>Accueil Bienvenue sur le site de l&rsquo;association Les Amis de La Hume ! L’association « Les Amis de la Hume » a été créée en 2005, suite à la transformation du Syndicat d’Initiative en Office du Tourisme. Ce syndicat organisait depuis 1927, les différentes animations du quartier de la Hume à Gujan-Mestras. Désormais, les Amis de la &hellip; </p>
<p class="link-more"><a href="https://lesamisdelahume.fr/" class="more-link">Continuer la lecture<span class="screen-reader-text"> de &laquo;&nbsp;Accueil&nbsp;&raquo;</span></a></p>

<!-- This site is optimized with the Yoast SEO plugin v27.0 - https://yoast.com/product/yoast-seo-wordpress/ -->
<title>Accueil - Les Amis de la Hume</title>
<meta name="robots" content="index, follow, max-snippet:-1, max-image-preview:large, max-video-preview:-1" />
<link rel="canonical" href="https://lesamisdelahume.fr/" />
<meta property="og:locale" content="fr_FR" />
<meta property="og:type" content="article" />
<meta property="og:title" content="Accueil - Les Amis de la Hume" />
<meta property="og:description" content="Accueil Bienvenue sur le site de l&rsquo;association Les Amis de La Hume ! L’association « Les Amis de la Hume » a été créée en 2005, suite à la transformation du Syndicat d’Initiative en Office du Tourisme. Ce syndicat organisait depuis 1927, les différentes animations du quartier de la Hume à Gujan-Mestras. Désormais, les Amis de la &hellip; Continuer la lecture de &laquo;&nbsp;Accueil&nbsp;&raquo;" />
<meta property="og:url" content="https://lesamisdelahume.fr/" />
<meta property="og:site_name" content="Les Amis de la Hume" />
<meta property="article:modified_time" content="2026-03-12T15:02:37+00:00" />
<meta property="og:image" content="http://lesamisdelahume.fr/wp-content/uploads/2024/09/IMG_3271-rotated.jpg" />
	<meta property="og:image:width" content="480" />
	<meta property="og:image:height" content="640" />
	<meta property="og:image:type" content="image/jpeg" />
<meta name="twitter:card" content="summary_large_image" />
<meta name="twitter:label1" content="Durée de lecture estimée" />
	<meta name="twitter:data1" content="1 minute" />
<script type="application/ld+json" class="yoast-schema-graph">{"@context":"https://schema.org","@graph":[{"@type":"WebPage","@id":"https://lesamisdelahume.fr/","url":"https://lesamisdelahume.fr/","name":"Accueil - Les Amis de la Hume","isPartOf":{"@id":"http://lesamisdelahume.fr/#website"},"primaryImageOfPage":{"@id":"https://lesamisdelahume.fr/#primaryimage"},"image":{"@id":"https://lesamisdelahume.fr/#primaryimage"},"thumbnailUrl":"https://lesamisdelahume.fr/wp-content/uploads/2024/09/IMG_3271-rotated.jpg","datePublished":"2020-03-05T12:15:20+00:00","dateModified":"2026-03-12T15:02:37+00:00","breadcrumb":{"@id":"https://lesamisdelahume.fr/#breadcrumb"},"inLanguage":"fr-FR","potentialAction":[{"@type":"ReadAction","target":["https://lesamisdelahume.fr/"]}]},{"@type":"ImageObject","inLanguage":"fr-FR","@id":"https://lesamisdelahume.fr/#primaryimage","url":"https://lesamisdelahume.fr/wp-content/uploads/2024/09/IMG_3271-rotated.jpg","contentUrl":"https://lesamisdelahume.fr/wp-content/uploads/2024/09/IMG_3271-rotated.jpg","width":480,"height":640},{"@type":"BreadcrumbList","@id":"https://lesamisdelahume.fr/#breadcrumb","itemListElement":[{"@type":"ListItem","position":1,"name":"Accueil","item":"https://lesamisdelahume.fr/"},{"@type":"ListItem","position":2,"name":"Accueil"}]},{"@type":"WebSite","@id":"http://lesamisdelahume.fr/#website","url":"http://lesamisdelahume.fr/","name":"Les Amis de la Hume","description":"Association loi 1901","potentialAction":[{"@type":"SearchAction","target":{"@type":"EntryPoint","urlTemplate":"http://lesamisdelahume.fr/?s={search_term_string}"},"query-input":{"@type":"PropertyValueSpecification","valueRequired":true,"valueName":"search_term_string"}}],"inLanguage":"fr-FR"}]}</script>
<!-- / Yoast SEO plugin. -->

Accueil Bienvenue sur le site de l&rsquo;association Les Amis de La Hume ! L’association « Les Amis de la Hume » a été créée en 2005, suite à la transformation du Syndicat d’Initiative en Office du Tourisme. Ce syndicat organisait depuis 1927, les différentes animations du quartier de la Hume à Gujan-Mestras. Désormais, les Amis de la &hellip; Continuer la lecture de &laquo;&nbsp;Accueil&nbsp;&raquo;
