{"id":966,"date":"2025-03-04T18:09:16","date_gmt":"2025-03-04T17:09:16","guid":{"rendered":"https:\/\/lesamisdelahume.fr\/?page_id=966"},"modified":"2025-03-23T15:55:38","modified_gmt":"2025-03-23T14:55:38","slug":"2025-3","status":"publish","type":"page","link":"https:\/\/lesamisdelahume.fr\/index.php\/2025-3\/","title":{"rendered":"Entre nous &#8211; 2025"},"content":{"rendered":"\n<p class=\"has-black-color has-text-color has-link-color wp-elements-9ac00cf961d1ea846fe5a532228b76c6\"><\/p>\n\n\n\n<p class=\"has-black-color has-text-color has-link-color has-medium-font-size wp-elements-2ca224cdd9fc625443497025c2a1dd47\">&#8211; <strong>7 Avril et 14 avril :<\/strong> <strong>D\u00e9gustation de fromages<\/strong> avec Fr\u00e9d\u00e9ric Servat, fromager embl\u00e9matique de la Hume.<\/p>\n\n\n\n<p class=\"has-black-color has-text-color has-link-color has-medium-font-size wp-elements-d58d33f941a57e824d9bf3e96615fcc1\">Inscription indispensable avec participation financi\u00e8re &#8211; nombre de participants limit\u00e9s.<\/p>\n\n\n\n<figure class=\"wp-block-image size-full is-resized\"><img loading=\"lazy\" decoding=\"async\" width=\"274\" height=\"184\" src=\"http:\/\/lesamisdelahume.fr\/wp-content\/uploads\/2025\/01\/images.jpeg\" alt=\"\" class=\"wp-image-880\" style=\"width:539px;height:auto\"\/><\/figure>\n\n\n\n<p><\/p>\n\n\n\n<h2 class=\"wp-block-heading has-black-color has-text-color has-link-color has-medium-font-size wp-elements-5440f97d9173d2cd0370dbcf1b3f11c6\">&#8211; <strong>11 Mai :<\/strong> <strong>Tour du Bassin en v\u00e9lo<\/strong> : randonn\u00e9e en v\u00e9lo autour du Bassin avec un d\u00e9part le matin de la Hume, un pique-nique \u00e0 mi-parcours et un retour en fin de journ\u00e9e avec les navettes maritimes.<\/h2>\n\n\n\n<p class=\"has-black-color has-text-color has-link-color has-medium-font-size wp-elements-d32b4526bc84fd21ceb5186e1c70afe4\">Inscription obligatoire avec participation financi\u00e8re.<\/p>\n\n\n\n<figure class=\"wp-block-image size-full\"><img loading=\"lazy\" decoding=\"async\" width=\"1000\" height=\"666\" src=\"http:\/\/lesamisdelahume.fr\/wp-content\/uploads\/2025\/01\/rouler-en-groupe.jpg\" alt=\"\" class=\"wp-image-881\" srcset=\"https:\/\/lesamisdelahume.fr\/wp-content\/uploads\/2025\/01\/rouler-en-groupe.jpg 1000w, https:\/\/lesamisdelahume.fr\/wp-content\/uploads\/2025\/01\/rouler-en-groupe-300x200.jpg 300w, https:\/\/lesamisdelahume.fr\/wp-content\/uploads\/2025\/01\/rouler-en-groupe-768x511.jpg 768w\" sizes=\"auto, (max-width: 767px) 89vw, (max-width: 1000px) 54vw, (max-width: 1071px) 543px, 580px\" \/><\/figure>\n","protected":false},"excerpt":{"rendered":"<p>&#8211; 7 Avril et 14 avril : D\u00e9gustation de fromages avec Fr\u00e9d\u00e9ric Servat, fromager embl\u00e9matique de la Hume. Inscription indispensable avec participation financi\u00e8re &#8211; nombre de participants limit\u00e9s. &#8211; 11 Mai : Tour du Bassin en v\u00e9lo : randonn\u00e9e en v\u00e9lo autour du Bassin avec un d\u00e9part le matin de la Hume, un pique-nique \u00e0 &hellip; <\/p>\n<p class=\"link-more\"><a href=\"https:\/\/lesamisdelahume.fr\/index.php\/2025-3\/\" class=\"more-link\">Continuer la lecture<span class=\"screen-reader-text\"> de &laquo;&nbsp;Entre nous &#8211; 2025&nbsp;&raquo;<\/span><\/a><\/p>\n","protected":false},"author":8,"featured_media":0,"parent":0,"menu_order":0,"comment_status":"closed","ping_status":"closed","template":"","meta":{"footnotes":""},"class_list":["post-966","page","type-page","status-publish","hentry"],"yoast_head":"<!-- This site is optimized with the Yoast SEO plugin v27.0 - https:\/\/yoast.com\/product\/yoast-seo-wordpress\/ -->\n<title>Entre nous - 2025 - Les Amis de la Hume<\/title>\n<meta name=\"robots\" content=\"index, follow, max-snippet:-1, max-image-preview:large, max-video-preview:-1\" \/>\n<link rel=\"canonical\" href=\"http:\/\/lesamisdelahume.fr\/index.php\/2025-3\/\" \/>\n<meta property=\"og:locale\" content=\"fr_FR\" \/>\n<meta property=\"og:type\" content=\"article\" \/>\n<meta property=\"og:title\" content=\"Entre nous - 2025 - Les Amis de la Hume\" \/>\n<meta property=\"og:description\" content=\"&#8211; 7 Avril et 14 avril : D\u00e9gustation de fromages avec Fr\u00e9d\u00e9ric Servat, fromager embl\u00e9matique de la Hume. Inscription indispensable avec participation financi\u00e8re &#8211; nombre de participants limit\u00e9s. &#8211; 11 Mai : Tour du Bassin en v\u00e9lo : randonn\u00e9e en v\u00e9lo autour du Bassin avec un d\u00e9part le matin de la Hume, un pique-nique \u00e0 &hellip; Continuer la lecture de &laquo;&nbsp;Entre nous &#8211; 2025&nbsp;&raquo;\" \/>\n<meta property=\"og:url\" content=\"http:\/\/lesamisdelahume.fr\/index.php\/2025-3\/\" \/>\n<meta property=\"og:site_name\" content=\"Les Amis de la Hume\" \/>\n<meta property=\"article:modified_time\" content=\"2025-03-23T14:55:38+00:00\" \/>\n<meta property=\"og:image\" content=\"http:\/\/lesamisdelahume.fr\/wp-content\/uploads\/2025\/01\/images.jpeg\" \/>\n<meta name=\"twitter:card\" content=\"summary_large_image\" \/>\n<meta name=\"twitter:label1\" content=\"Dur\u00e9e de lecture estim\u00e9e\" \/>\n\t<meta name=\"twitter:data1\" content=\"1 minute\" \/>\n<script type=\"application\/ld+json\" class=\"yoast-schema-graph\">{\"@context\":\"https:\/\/schema.org\",\"@graph\":[{\"@type\":\"WebPage\",\"@id\":\"http:\/\/lesamisdelahume.fr\/index.php\/2025-3\/\",\"url\":\"http:\/\/lesamisdelahume.fr\/index.php\/2025-3\/\",\"name\":\"Entre nous - 2025 - Les Amis de la Hume\",\"isPartOf\":{\"@id\":\"http:\/\/lesamisdelahume.fr\/#website\"},\"primaryImageOfPage\":{\"@id\":\"http:\/\/lesamisdelahume.fr\/index.php\/2025-3\/#primaryimage\"},\"image\":{\"@id\":\"http:\/\/lesamisdelahume.fr\/index.php\/2025-3\/#primaryimage\"},\"thumbnailUrl\":\"http:\/\/lesamisdelahume.fr\/wp-content\/uploads\/2025\/01\/images.jpeg\",\"datePublished\":\"2025-03-04T17:09:16+00:00\",\"dateModified\":\"2025-03-23T14:55:38+00:00\",\"breadcrumb\":{\"@id\":\"http:\/\/lesamisdelahume.fr\/index.php\/2025-3\/#breadcrumb\"},\"inLanguage\":\"fr-FR\",\"potentialAction\":[{\"@type\":\"ReadAction\",\"target\":[\"http:\/\/lesamisdelahume.fr\/index.php\/2025-3\/\"]}]},{\"@type\":\"ImageObject\",\"inLanguage\":\"fr-FR\",\"@id\":\"http:\/\/lesamisdelahume.fr\/index.php\/2025-3\/#primaryimage\",\"url\":\"https:\/\/lesamisdelahume.fr\/wp-content\/uploads\/2025\/01\/images.jpeg\",\"contentUrl\":\"https:\/\/lesamisdelahume.fr\/wp-content\/uploads\/2025\/01\/images.jpeg\",\"width\":274,\"height\":184},{\"@type\":\"BreadcrumbList\",\"@id\":\"http:\/\/lesamisdelahume.fr\/index.php\/2025-3\/#breadcrumb\",\"itemListElement\":[{\"@type\":\"ListItem\",\"position\":1,\"name\":\"Accueil\",\"item\":\"https:\/\/lesamisdelahume.fr\/\"},{\"@type\":\"ListItem\",\"position\":2,\"name\":\"Entre nous &#8211; 2025\"}]},{\"@type\":\"WebSite\",\"@id\":\"http:\/\/lesamisdelahume.fr\/#website\",\"url\":\"http:\/\/lesamisdelahume.fr\/\",\"name\":\"Les Amis de la Hume\",\"description\":\"Association loi 1901\",\"potentialAction\":[{\"@type\":\"SearchAction\",\"target\":{\"@type\":\"EntryPoint\",\"urlTemplate\":\"http:\/\/lesamisdelahume.fr\/?s={search_term_string}\"},\"query-input\":{\"@type\":\"PropertyValueSpecification\",\"valueRequired\":true,\"valueName\":\"search_term_string\"}}],\"inLanguage\":\"fr-FR\"}]}<\/script>\n<!-- \/ Yoast SEO plugin. -->","yoast_head_json":{"title":"Entre nous - 2025 - Les Amis de la Hume","robots":{"index":"index","follow":"follow","max-snippet":"max-snippet:-1","max-image-preview":"max-image-preview:large","max-video-preview":"max-video-preview:-1"},"canonical":"http:\/\/lesamisdelahume.fr\/index.php\/2025-3\/","og_locale":"fr_FR","og_type":"article","og_title":"Entre nous - 2025 - Les Amis de la Hume","og_description":"&#8211; 7 Avril et 14 avril : D\u00e9gustation de fromages avec Fr\u00e9d\u00e9ric Servat, fromager embl\u00e9matique de la Hume. Inscription indispensable avec participation financi\u00e8re &#8211; nombre de participants limit\u00e9s. &#8211; 11 Mai : Tour du Bassin en v\u00e9lo : randonn\u00e9e en v\u00e9lo autour du Bassin avec un d\u00e9part le matin de la Hume, un pique-nique \u00e0 &hellip; Continuer la lecture de &laquo;&nbsp;Entre nous &#8211; 2025&nbsp;&raquo;","og_url":"http:\/\/lesamisdelahume.fr\/index.php\/2025-3\/","og_site_name":"Les Amis de la Hume","article_modified_time":"2025-03-23T14:55:38+00:00","og_image":[{"url":"http:\/\/lesamisdelahume.fr\/wp-content\/uploads\/2025\/01\/images.jpeg","type":"","width":"","height":""}],"twitter_card":"summary_large_image","twitter_misc":{"Dur\u00e9e de lecture estim\u00e9e":"1 minute"},"schema":{"@context":"https:\/\/schema.org","@graph":[{"@type":"WebPage","@id":"http:\/\/lesamisdelahume.fr\/index.php\/2025-3\/","url":"http:\/\/lesamisdelahume.fr\/index.php\/2025-3\/","name":"Entre nous - 2025 - Les Amis de la Hume","isPartOf":{"@id":"http:\/\/lesamisdelahume.fr\/#website"},"primaryImageOfPage":{"@id":"http:\/\/lesamisdelahume.fr\/index.php\/2025-3\/#primaryimage"},"image":{"@id":"http:\/\/lesamisdelahume.fr\/index.php\/2025-3\/#primaryimage"},"thumbnailUrl":"http:\/\/lesamisdelahume.fr\/wp-content\/uploads\/2025\/01\/images.jpeg","datePublished":"2025-03-04T17:09:16+00:00","dateModified":"2025-03-23T14:55:38+00:00","breadcrumb":{"@id":"http:\/\/lesamisdelahume.fr\/index.php\/2025-3\/#breadcrumb"},"inLanguage":"fr-FR","potentialAction":[{"@type":"ReadAction","target":["http:\/\/lesamisdelahume.fr\/index.php\/2025-3\/"]}]},{"@type":"ImageObject","inLanguage":"fr-FR","@id":"http:\/\/lesamisdelahume.fr\/index.php\/2025-3\/#primaryimage","url":"https:\/\/lesamisdelahume.fr\/wp-content\/uploads\/2025\/01\/images.jpeg","contentUrl":"https:\/\/lesamisdelahume.fr\/wp-content\/uploads\/2025\/01\/images.jpeg","width":274,"height":184},{"@type":"BreadcrumbList","@id":"http:\/\/lesamisdelahume.fr\/index.php\/2025-3\/#breadcrumb","itemListElement":[{"@type":"ListItem","position":1,"name":"Accueil","item":"https:\/\/lesamisdelahume.fr\/"},{"@type":"ListItem","position":2,"name":"Entre nous &#8211; 2025"}]},{"@type":"WebSite","@id":"http:\/\/lesamisdelahume.fr\/#website","url":"http:\/\/lesamisdelahume.fr\/","name":"Les Amis de la Hume","description":"Association loi 1901","potentialAction":[{"@type":"SearchAction","target":{"@type":"EntryPoint","urlTemplate":"http:\/\/lesamisdelahume.fr\/?s={search_term_string}"},"query-input":{"@type":"PropertyValueSpecification","valueRequired":true,"valueName":"search_term_string"}}],"inLanguage":"fr-FR"}]}},"_links":{"self":[{"href":"https:\/\/lesamisdelahume.fr\/index.php\/wp-json\/wp\/v2\/pages\/966","targetHints":{"allow":["GET"]}}],"collection":[{"href":"https:\/\/lesamisdelahume.fr\/index.php\/wp-json\/wp\/v2\/pages"}],"about":[{"href":"https:\/\/lesamisdelahume.fr\/index.php\/wp-json\/wp\/v2\/types\/page"}],"author":[{"embeddable":true,"href":"https:\/\/lesamisdelahume.fr\/index.php\/wp-json\/wp\/v2\/users\/8"}],"replies":[{"embeddable":true,"href":"https:\/\/lesamisdelahume.fr\/index.php\/wp-json\/wp\/v2\/comments?post=966"}],"version-history":[{"count":11,"href":"https:\/\/lesamisdelahume.fr\/index.php\/wp-json\/wp\/v2\/pages\/966\/revisions"}],"predecessor-version":[{"id":1042,"href":"https:\/\/lesamisdelahume.fr\/index.php\/wp-json\/wp\/v2\/pages\/966\/revisions\/1042"}],"wp:attachment":[{"href":"https:\/\/lesamisdelahume.fr\/index.php\/wp-json\/wp\/v2\/media?parent=966"}],"curies":[{"name":"wp","href":"https:\/\/api.w.org\/{rel}","templated":true}]}}

<p class="has-black-color has-text-color has-link-color wp-elements-9ac00cf961d1ea846fe5a532228b76c6"></p>



<p class="has-black-color has-text-color has-link-color has-medium-font-size wp-elements-2ca224cdd9fc625443497025c2a1dd47">&#8211; <strong>7 Avril et 14 avril :</strong> <strong>Dégustation de fromages</strong> avec Frédéric Servat, fromager emblématique de la Hume.</p>



<p class="has-black-color has-text-color has-link-color has-medium-font-size wp-elements-d58d33f941a57e824d9bf3e96615fcc1">Inscription indispensable avec participation financière &#8211; nombre de participants limités.</p>



<figure class="wp-block-image size-full is-resized"><img loading="lazy" decoding="async" width="274" height="184" src="http://lesamisdelahume.fr/wp-content/uploads/2025/01/images.jpeg" alt="" class="wp-image-880" style="width:539px;height:auto"/></figure>



<p></p>



<h2 class="wp-block-heading has-black-color has-text-color has-link-color has-medium-font-size wp-elements-5440f97d9173d2cd0370dbcf1b3f11c6">&#8211; <strong>11 Mai :</strong> <strong>Tour du Bassin en vélo</strong> : randonnée en vélo autour du Bassin avec un départ le matin de la Hume, un pique-nique à mi-parcours et un retour en fin de journée avec les navettes maritimes.</h2>



<p class="has-black-color has-text-color has-link-color has-medium-font-size wp-elements-d32b4526bc84fd21ceb5186e1c70afe4">Inscription obligatoire avec participation financière.</p>



<figure class="wp-block-image size-full"><img loading="lazy" decoding="async" width="1000" height="666" src="http://lesamisdelahume.fr/wp-content/uploads/2025/01/rouler-en-groupe.jpg" alt="" class="wp-image-881" srcset="https://lesamisdelahume.fr/wp-content/uploads/2025/01/rouler-en-groupe.jpg 1000w, https://lesamisdelahume.fr/wp-content/uploads/2025/01/rouler-en-groupe-300x200.jpg 300w, https://lesamisdelahume.fr/wp-content/uploads/2025/01/rouler-en-groupe-768x511.jpg 768w" sizes="auto, (max-width: 767px) 89vw, (max-width: 1000px) 54vw, (max-width: 1071px) 543px, 580px" /></figure>

<p>&#8211; 7 Avril et 14 avril : Dégustation de fromages avec Frédéric Servat, fromager emblématique de la Hume. Inscription indispensable avec participation financière &#8211; nombre de participants limités. &#8211; 11 Mai : Tour du Bassin en vélo : randonnée en vélo autour du Bassin avec un départ le matin de la Hume, un pique-nique à &hellip; </p>
<p class="link-more"><a href="https://lesamisdelahume.fr/index.php/2025-3/" class="more-link">Continuer la lecture<span class="screen-reader-text"> de &laquo;&nbsp;Entre nous &#8211; 2025&nbsp;&raquo;</span></a></p>

<!-- This site is optimized with the Yoast SEO plugin v27.0 - https://yoast.com/product/yoast-seo-wordpress/ -->
<title>Entre nous - 2025 - Les Amis de la Hume</title>
<meta name="robots" content="index, follow, max-snippet:-1, max-image-preview:large, max-video-preview:-1" />
<link rel="canonical" href="http://lesamisdelahume.fr/index.php/2025-3/" />
<meta property="og:locale" content="fr_FR" />
<meta property="og:type" content="article" />
<meta property="og:title" content="Entre nous - 2025 - Les Amis de la Hume" />
<meta property="og:description" content="&#8211; 7 Avril et 14 avril : Dégustation de fromages avec Frédéric Servat, fromager emblématique de la Hume. Inscription indispensable avec participation financière &#8211; nombre de participants limités. &#8211; 11 Mai : Tour du Bassin en vélo : randonnée en vélo autour du Bassin avec un départ le matin de la Hume, un pique-nique à &hellip; Continuer la lecture de &laquo;&nbsp;Entre nous &#8211; 2025&nbsp;&raquo;" />
<meta property="og:url" content="http://lesamisdelahume.fr/index.php/2025-3/" />
<meta property="og:site_name" content="Les Amis de la Hume" />
<meta property="article:modified_time" content="2025-03-23T14:55:38+00:00" />
<meta property="og:image" content="http://lesamisdelahume.fr/wp-content/uploads/2025/01/images.jpeg" />
<meta name="twitter:card" content="summary_large_image" />
<meta name="twitter:label1" content="Durée de lecture estimée" />
	<meta name="twitter:data1" content="1 minute" />
<script type="application/ld+json" class="yoast-schema-graph">{"@context":"https://schema.org","@graph":[{"@type":"WebPage","@id":"http://lesamisdelahume.fr/index.php/2025-3/","url":"http://lesamisdelahume.fr/index.php/2025-3/","name":"Entre nous - 2025 - Les Amis de la Hume","isPartOf":{"@id":"http://lesamisdelahume.fr/#website"},"primaryImageOfPage":{"@id":"http://lesamisdelahume.fr/index.php/2025-3/#primaryimage"},"image":{"@id":"http://lesamisdelahume.fr/index.php/2025-3/#primaryimage"},"thumbnailUrl":"http://lesamisdelahume.fr/wp-content/uploads/2025/01/images.jpeg","datePublished":"2025-03-04T17:09:16+00:00","dateModified":"2025-03-23T14:55:38+00:00","breadcrumb":{"@id":"http://lesamisdelahume.fr/index.php/2025-3/#breadcrumb"},"inLanguage":"fr-FR","potentialAction":[{"@type":"ReadAction","target":["http://lesamisdelahume.fr/index.php/2025-3/"]}]},{"@type":"ImageObject","inLanguage":"fr-FR","@id":"http://lesamisdelahume.fr/index.php/2025-3/#primaryimage","url":"https://lesamisdelahume.fr/wp-content/uploads/2025/01/images.jpeg","contentUrl":"https://lesamisdelahume.fr/wp-content/uploads/2025/01/images.jpeg","width":274,"height":184},{"@type":"BreadcrumbList","@id":"http://lesamisdelahume.fr/index.php/2025-3/#breadcrumb","itemListElement":[{"@type":"ListItem","position":1,"name":"Accueil","item":"https://lesamisdelahume.fr/"},{"@type":"ListItem","position":2,"name":"Entre nous &#8211; 2025"}]},{"@type":"WebSite","@id":"http://lesamisdelahume.fr/#website","url":"http://lesamisdelahume.fr/","name":"Les Amis de la Hume","description":"Association loi 1901","potentialAction":[{"@type":"SearchAction","target":{"@type":"EntryPoint","urlTemplate":"http://lesamisdelahume.fr/?s={search_term_string}"},"query-input":{"@type":"PropertyValueSpecification","valueRequired":true,"valueName":"search_term_string"}}],"inLanguage":"fr-FR"}]}</script>
<!-- / Yoast SEO plugin. -->

&#8211; 7 Avril et 14 avril : Dégustation de fromages avec Frédéric Servat, fromager emblématique de la Hume. Inscription indispensable avec participation financière &#8211; nombre de participants limités. &#8211; 11 Mai : Tour du Bassin en vélo : randonnée en vélo autour du Bassin avec un départ le matin de la Hume, un pique-nique à &hellip; Continuer la lecture de &laquo;&nbsp;Entre nous &#8211; 2025&nbsp;&raquo;
